{"id":4135,"date":"2026-08-10T15:37:55","date_gmt":"2026-08-10T14:37:55","guid":{"rendered":"https:\/\/www.igito.it\/?page_id=4135"},"modified":"2026-09-01T03:43:24","modified_gmt":"2026-09-01T02:43:24","slug":"quaderni-di-igito","status":"publish","type":"page","link":"https:\/\/www.igito.it\/it\/pubblicazioni\/quaderni-di-igito\/","title":{"rendered":"Collana &#8220;Quaderni di IgiTo&#8221;"},"content":{"rendered":"<p>Dal 2026, nell&#8217;ambito della nostra attivit\u00e0 editoriale, \u00e8 altres\u00ec attiva la collana <i>Quaderni di IgiTo.<\/i><\/p>\n<ul>\n<li style=\"list-style-type: none;\">\n<ul>\n<li style=\"list-style-type: none;\">\n<ul>\n<li><strong><a href=\"https:\/\/www.igito.it\/category\/quaderni-di-igito\/\">VOLUMI DELLA COLLANA<\/a><\/strong><\/li>\n<\/ul>\n<\/li>\n<\/ul>\n<\/li>\n<\/ul>\n<p><em><strong>La Collana<\/strong><\/em><\/p>\n<p>La Collana nasce con l\u2019obiettivo di promuovere la ricerca e la diffusione della cultura giuridica, offrendo uno spazio di riflessione sui principali temi dell\u2019esperienza del diritto, nelle sue dimensioni teoriche, storiche, comparate e applicative.<\/p>\n<p>Pur mantenendo la ricerca in ambito giuridico quale elemento centrale e caratterizzante, la Collana intende valorizzare una concezione aperta e dinamica della ricerca giuridica, favorendo il dialogo con le altre scienze umane e sociali e, pi\u00f9 in generale, con i diversi saperi che contribuiscono alla comprensione dei fenomeni giuridicamente rilevanti.<\/p>\n<p>La Collana accoglie opere monografiche, studi collettivi, raccolte di saggi, atti di convegni e altre opere scientifiche che, per originalit\u00e0 e rilevanza, contribuiscano allo sviluppo della riflessione su temi di rilevanza scientifica. Possono essere proposti lavori di carattere teorico e dogmatico, storico, comparatistico e interdisciplinare. La Collana \u00e8 aperta a contributi provenienti da studiosi e ricercatori di diverse tradizioni accademiche e culturali e intende favorire, anche attraverso la pluralit\u00e0 delle lingue di pubblicazione, il confronto tra esperienze giuridiche e scientifiche differenti.<\/p>\n<p><em><strong>Direzione e Comitato scientifico\u00a0<\/strong><\/em><\/p>\n<ul>\n<li>Riccardo Perona (Direttore)<\/li>\n<li>L\u00e9cia Jandira Ant\u00f3nio Vicente (Washburn University, USA)<\/li>\n<li>Maria Jos\u00e9 Cazorla Gonz\u00e1lez (Universidad de Almer\u00eda, Spagna)<\/li>\n<li>Manuel Ignacio Feliu Rey (Universidad Carlos III de Madrid, Spagna)<\/li>\n<li>Kozue Kashiwazaki (Department of Comparative Culture, Kanto Gakuin University, Giappone)<\/li>\n<li>Rodrigo M\u00edguez N\u00fa\u00f1ez (Universit\u00e0 del Piemonte Orientale, Italia)<\/li>\n<li>Lucia Ruggeri (Universit\u00e0 di Camerino, Italia)<\/li>\n<li>Sara Zuccarino (Universit\u00e0 degli Studi di Cassino e del Lazio Meridionale, Italia)<\/li>\n<li>Eduardo Andr\u00e9s Velandia Canosa (Universidad La Gran Colombia, Colombia)<\/li>\n<\/ul>\n<p><em><strong>Politica editoriale<\/strong><\/em><\/p>\n<p>Le opere proposte per la pubblicazione nella Collana sono sottoposte a una procedura di valutazione scientifica anonima (double-blind peer review), finalizzata a garantire l\u2019originalit\u00e0, la qualit\u00e0 scientifica e la rilevanza dei contributi pubblicati.<\/p>\n<p>Gli Autori interessati possono sottoporre il proprio lavoro alla Direzione della Collana, che procede a una prima valutazione dell\u2019opera, verificandone l\u2019ammissibilit\u00e0 rispetto agli obiettivi e agli ambiti scientifici della Collana. In caso di esito positivo della valutazione preliminare, il manoscritto viene trasmesso in forma anonima a due revisori indipendenti, individuati in ragione della loro competenza rispetto al tema trattato.<\/p>\n<p>Ciascun revisore formula un giudizio motivato, che pu\u00f2 concludersi con una delle seguenti valutazioni: accettazione per la pubblicazione; accettazione subordinata a modifiche o integrazioni; non accettazione.<\/p>\n<p>La pubblicazione \u00e8 autorizzata in presenza di due valutazioni favorevoli. Qualora i giudizi dei revisori risultino discordanti, la Direzione pu\u00f2 disporre l\u2019invio del manoscritto a un terzo revisore, il cui parere sar\u00e0 acquisito ai fini della decisione finale.<\/p>\n<p>La Direzione della Collana, tenuto conto della qualit\u00e0 scientifica dell\u2019opera e della riconosciuta autorevolezza dell\u2019Autore, pu\u00f2 prevedere, in casi eccezionali e adeguatamente motivati, modalit\u00e0 di valutazione differenti dalla procedura ordinaria, riservando il diritto di pubblicare opere di studiosi di chiara fama.<\/p>\n<p>Una volta conclusa positivamente la valutazione scientifica, il manoscritto viene sottoposto alla verifica editoriale finale, volta ad accertarne la conformit\u00e0 alle norme redazionali e agli standard editoriali della Collana, prima dell\u2019avvio della pubblicazione.<\/p>\n<p><em><strong>Criteri redazionali<\/strong><\/em><\/p>\n<p>La Collana adotta, per quanto riguarda gli aspetti redazionali e bibliografici, il Regolamento editoriale previsto per le opere monografiche pubblicate fuori Collana, al quale si rinvia per la disciplina generale della presentazione e della composizione dei testi.<\/p>\n<p>In materia di citazioni bibliografiche, il Regolamento segue lo stile APA. Per le opere pubblicate nella Collana si applica tuttavia una specifica modalit\u00e0 di citazione nel corpo del testo: i riferimenti bibliografici, anzich\u00e9 essere riportati tra parentesi, sono inseriti in nota a pi\u00e8 di pagina, secondo la forma abbreviata:<\/p>\n<p><em>R. Perona (2026), p. 10.<\/em><\/p>\n<p>Le note possono anche essere esplicative.<br \/>\nLa bibliografia finale mantiene invece integralmente i criteri e lo stile APA previsti dal Regolamento editoriale.<\/p>\n<p>&nbsp;<\/p>\n<p><\/p>","protected":false},"excerpt":{"rendered":"<p>Dal 2026, nell&#8217;ambito della nostra attivit\u00e0 editoriale, \u00e8 altres\u00ec attiva la collana Quaderni di IgiTo. VOLUMI DELLA COLLANA La Collana La Collana nasce con l\u2019obiettivo di promuovere la ricerca e la diffusione della cultura giuridica, offrendo uno spazio di riflessione sui principali temi dell\u2019esperienza del diritto, nelle sue dimensioni teoriche, storiche, comparate e applicative. Pur &hellip; <a href=\"https:\/\/www.igito.it\/it\/pubblicazioni\/quaderni-di-igito\/\" class=\"more-link\">Leggi tutto<span class=\"screen-reader-text\"> &#8220;Collana &#8220;Quaderni di IgiTo&#8221;&#8221;<\/span><\/a><\/p>\n","protected":false},"author":1,"featured_media":0,"parent":3955,"menu_order":0,"comment_status":"closed","ping_status":"closed","template":"","meta":{"footnotes":""},"class_list":["post-4135","page","type-page","status-publish","hentry"],"_links":{"self":[{"href":"https:\/\/www.igito.it\/it\/wp-json\/wp\/v2\/pages\/4135","targetHints":{"allow":["GET"]}}],"collection":[{"href":"https:\/\/www.igito.it\/it\/wp-json\/wp\/v2\/pages"}],"about":[{"href":"https:\/\/www.igito.it\/it\/wp-json\/wp\/v2\/types\/page"}],"author":[{"embeddable":true,"href":"https:\/\/www.igito.it\/it\/wp-json\/wp\/v2\/users\/1"}],"replies":[{"embeddable":true,"href":"https:\/\/www.igito.it\/it\/wp-json\/wp\/v2\/comments?post=4135"}],"version-history":[{"count":10,"href":"https:\/\/www.igito.it\/it\/wp-json\/wp\/v2\/pages\/4135\/revisions"}],"predecessor-version":[{"id":4165,"href":"https:\/\/www.igito.it\/it\/wp-json\/wp\/v2\/pages\/4135\/revisions\/4165"}],"up":[{"embeddable":true,"href":"https:\/\/www.igito.it\/it\/wp-json\/wp\/v2\/pages\/3955"}],"wp:attachment":[{"href":"https:\/\/www.igito.it\/it\/wp-json\/wp\/v2\/media?parent=4135"}],"curies":[{"name":"wp","href":"https:\/\/api.w.org\/{rel}","templated":true}]}}

<p>Dal 2026, nell&#8217;ambito della nostra attività editoriale, è altresì attiva la collana <i>Quaderni di IgiTo.</i></p>
<ul>
<li style="list-style-type: none;">
<ul>
<li style="list-style-type: none;">
<ul>
<li><strong><a href="https://www.igito.it/category/quaderni-di-igito/">VOLUMI DELLA COLLANA</a></strong></li>
</ul>
</li>
</ul>
</li>
</ul>
<p><em><strong>La Collana</strong></em></p>
<p>La Collana nasce con l’obiettivo di promuovere la ricerca e la diffusione della cultura giuridica, offrendo uno spazio di riflessione sui principali temi dell’esperienza del diritto, nelle sue dimensioni teoriche, storiche, comparate e applicative.</p>
<p>Pur mantenendo la ricerca in ambito giuridico quale elemento centrale e caratterizzante, la Collana intende valorizzare una concezione aperta e dinamica della ricerca giuridica, favorendo il dialogo con le altre scienze umane e sociali e, più in generale, con i diversi saperi che contribuiscono alla comprensione dei fenomeni giuridicamente rilevanti.</p>
<p>La Collana accoglie opere monografiche, studi collettivi, raccolte di saggi, atti di convegni e altre opere scientifiche che, per originalità e rilevanza, contribuiscano allo sviluppo della riflessione su temi di rilevanza scientifica. Possono essere proposti lavori di carattere teorico e dogmatico, storico, comparatistico e interdisciplinare. La Collana è aperta a contributi provenienti da studiosi e ricercatori di diverse tradizioni accademiche e culturali e intende favorire, anche attraverso la pluralità delle lingue di pubblicazione, il confronto tra esperienze giuridiche e scientifiche differenti.</p>
<p><em><strong>Direzione e Comitato scientifico </strong></em></p>
<ul>
<li>Riccardo Perona (Direttore)</li>
<li>Lécia Jandira António Vicente (Washburn University, USA)</li>
<li>Maria José Cazorla González (Universidad de Almería, Spagna)</li>
<li>Manuel Ignacio Feliu Rey (Universidad Carlos III de Madrid, Spagna)</li>
<li>Kozue Kashiwazaki (Department of Comparative Culture, Kanto Gakuin University, Giappone)</li>
<li>Rodrigo Míguez Núñez (Università del Piemonte Orientale, Italia)</li>
<li>Lucia Ruggeri (Università di Camerino, Italia)</li>
<li>Sara Zuccarino (Università degli Studi di Cassino e del Lazio Meridionale, Italia)</li>
<li>Eduardo Andrés Velandia Canosa (Universidad La Gran Colombia, Colombia)</li>
</ul>
<p><em><strong>Politica editoriale</strong></em></p>
<p>Le opere proposte per la pubblicazione nella Collana sono sottoposte a una procedura di valutazione scientifica anonima (double-blind peer review), finalizzata a garantire l’originalità, la qualità scientifica e la rilevanza dei contributi pubblicati.</p>
<p>Gli Autori interessati possono sottoporre il proprio lavoro alla Direzione della Collana, che procede a una prima valutazione dell’opera, verificandone l’ammissibilità rispetto agli obiettivi e agli ambiti scientifici della Collana. In caso di esito positivo della valutazione preliminare, il manoscritto viene trasmesso in forma anonima a due revisori indipendenti, individuati in ragione della loro competenza rispetto al tema trattato.</p>
<p>Ciascun revisore formula un giudizio motivato, che può concludersi con una delle seguenti valutazioni: accettazione per la pubblicazione; accettazione subordinata a modifiche o integrazioni; non accettazione.</p>
<p>La pubblicazione è autorizzata in presenza di due valutazioni favorevoli. Qualora i giudizi dei revisori risultino discordanti, la Direzione può disporre l’invio del manoscritto a un terzo revisore, il cui parere sarà acquisito ai fini della decisione finale.</p>
<p>La Direzione della Collana, tenuto conto della qualità scientifica dell’opera e della riconosciuta autorevolezza dell’Autore, può prevedere, in casi eccezionali e adeguatamente motivati, modalità di valutazione differenti dalla procedura ordinaria, riservando il diritto di pubblicare opere di studiosi di chiara fama.</p>
<p>Una volta conclusa positivamente la valutazione scientifica, il manoscritto viene sottoposto alla verifica editoriale finale, volta ad accertarne la conformità alle norme redazionali e agli standard editoriali della Collana, prima dell’avvio della pubblicazione.</p>
<p><em><strong>Criteri redazionali</strong></em></p>
<p>La Collana adotta, per quanto riguarda gli aspetti redazionali e bibliografici, il Regolamento editoriale previsto per le opere monografiche pubblicate fuori Collana, al quale si rinvia per la disciplina generale della presentazione e della composizione dei testi.</p>
<p>In materia di citazioni bibliografiche, il Regolamento segue lo stile APA. Per le opere pubblicate nella Collana si applica tuttavia una specifica modalità di citazione nel corpo del testo: i riferimenti bibliografici, anziché essere riportati tra parentesi, sono inseriti in nota a piè di pagina, secondo la forma abbreviata:</p>
<p><em>R. Perona (2026), p. 10.</em></p>
<p>Le note possono anche essere esplicative.<br />
La bibliografia finale mantiene invece integralmente i criteri e lo stile APA previsti dal Regolamento editoriale.</p>
<p>&nbsp;</p>
<p></p>

<p>Dal 2026, nell&#8217;ambito della nostra attività editoriale, è altresì attiva la collana Quaderni di IgiTo. VOLUMI DELLA COLLANA La Collana La Collana nasce con l’obiettivo di promuovere la ricerca e la diffusione della cultura giuridica, offrendo uno spazio di riflessione sui principali temi dell’esperienza del diritto, nelle sue dimensioni teoriche, storiche, comparate e applicative. Pur &hellip; <a href="https://www.igito.it/it/pubblicazioni/quaderni-di-igito/" class="more-link">Leggi tutto<span class="screen-reader-text"> &#8220;Collana &#8220;Quaderni di IgiTo&#8221;&#8221;</span></a></p>
